e remainder when d is divided by x.
10
Suppose 0 = -m - 5*w - 102, 3*w = 2*m + 231 - 1. Let c = m + 140. What is the remainder when 139 is divided by c?
27
Let t = -7161 - -7167. Calculate the remainder when 583 is divided by t.
1
Suppose 0 = -20*d + 4966 + 5594. Suppose -272 = -20*y + d. Calculate the remainder when 199 is divided by y.
39
Let s(u) = -20*u**2 + 37*u + 37. Let g be s(-1). Let o = g + 24. Calculate the remainder when 95 is divided by o.
3
Suppose 6*w - 194 = 3*w + 166. Calculate the remainder when 400 is divided by w.
40
Suppose 8*f + 4488 = 9592. What is the remainder when f is divided by 35?
8
Suppose 54 = -0*c + 3*c. Let h be 6*(275/10 + 4). What is the remainder when (h/36)/(6/40) is divided by c?
17
Let u = -6 - -29. Let d = 124 + -51. Calculate the remainder when d is divided by u.
4
Let t(u) = -u**3 + 10*u**2 + 13*u + 7. What is the remainder when 444 is divided by t(10)?
33
Suppose 0 = -5*j + 3 + 22. Suppose -2*l + 134 = 4*b + l, 3*b - 115 = j*l. Let d = -9 - -74. What is the remainder when d is divided by b?
30
What is the remainder when 458 is divided by (-445)/(-2) - ((-12)/(-48))/((-8)/16)?
12
Suppose 3*o = 7 - 1. Let r be (1/5)/(20/250)*2. Suppose -o*u - 4*d + 12 = 0, -r*u + 3*u + 12 = 3*d. What is the remainder when 27 is divided by u?
3
Let h(r) = -485*r + 1744. What is the remainder when h(3) is divided by 34?
17
Suppose -218*m + 4784 = -16*m - 18*m. What is the remainder when 688 is divided by m?
12
Suppose 0 = -5*m, -c - 3*m = c - 8. Suppose -10 - 58 = -c*n. Suppose 3*v = -n + 98. What is the remainder when v is divided by 7?
6
Suppose -2*w + 300 = 29*w - 6*w. Suppose -694 = 2*o - 4*o. Calculate the remainder when o is divided by w.
11
Suppose 0 = -3*y + 6, 0 = 2*s - 2*y - 3 - 5. Suppose 508*p = 513*p - 170. What is the remainder when p is divided by 4/((8/s)/2)?
4
What is the remainder when 1530/4 + 170/340 is divided by 77?
75
Let w(n) = -3*n**2 - 4 + 22*n + 85 - 33 + 4*n**2. Let m(p) = p**3 - p**2 + p + 50. What is the remainder when m(0) is divided by w(-21)?
23
Let i(l) = -l**3 + 7*l**2 + 42*l - 2. Let g be i(11). Calculate the remainder when (-3388)/g + 13/(-78) is divided by 74.
67
Let a(z) = 3*z**2 + 15*z + 79 + 3*z - 24. What is the remainder when 437 is divided by a(-6)?
52
Suppose -4*h + 42606 = 5*v, 29*v - 21282 = -2*h + 30*v. What is the remainder when h is divided by 91?
88
Suppose 4*q - 3*p = 594, 4*q + 729 = 9*q + 3*p. What is the remainder when 1032 is divided by q?
3
Let w(n) = -29 + 8*n - 10*n**2 + 46 - 40 - n**3. Calculate the remainder when 72 is divided by w(-11).
2
Let t = 13250 + -12808. What is the remainder when t is divided by 69?
28
Suppose -70*m - 88 = -92*m. Suppose -4*o - 8 = 0, -m*o = 76*n - 81*n + 688. Calculate the remainder when n is divided by 43.
7
Suppose -13*y = 43*y - 1008. Calculate the remainder when (-1793)/(-22) - 3/(-2) is divided by y.
11
Suppose -15 = 63*w - 68*w. Suppose i = -0*i - 5*h + 20, 2*i = w*h + 1. Calculate the remainder when 49 is divided by i.
4
Let z(d) = -13*d - 481. Calculate the remainder when z(-39) is divided by (-404)/(-44) + (-5)/((-165)/(-6)).
8
Suppose 0 = 2*i - 8, i + i + 3212 = -4*l. Let g = l - -842. Suppose 4*b = 2*s + 402, -s - 10 = -3*s. What is the remainder when b is divided by g?
29
Let k = 285 - 281. Suppose 3*u + 8*p - 680 = 6*p, 208 = u - k*p. Calculate the remainder when u is divided by 45.
44
Suppose b + g = 2*g + 13, 55 = 4*b - 7*g. Suppose 0 = -4*l + 25 - 9, -2*p = -l - 28. Suppose p = -3*z + 121. Calculate the remainder when z is divided by b.
11
Let l(k) = k**2 + 1. Let g(f) = -4*f**2 - 40*f - 7. Let y(x) = -g(x) - 2*l(x). What is the remainder when 5 is divided by y(-20)?
0
Let s = 8458 + -6576. What is the remainder when s is divided by 23?
19
Calculate the remainder when (27/36*8)/(((-2)/181)/(-2)) is divided by 137.
127
Let p = -5 - -5. Suppose -64 = -p*u - 2*u. Suppose 7*j + 95 = 8*j. Calculate the remainder when j is divided by u.
31
Let i(g) = 24*g**2 + g - 11. Let l(s) = 2*s + 22. Let j be l(-10). What is the remainder when i(j) is divided by 14?
3
Let f = 761 - 729. Calculate the remainder when 108 is divided by 272/f*(-1 - -3).
6
Suppose 0 = -4*m - 20 - 112. Let s = -16 - m. Suppose -12*a + 833 = 5*a. What is the remainder when a is divided by s?
15
Suppose -2*o = -3*p + 1536, -5*p + 2558 = -22*o + 19*o. What is the remainder when 3050 is divided by p?
2
Let a(u) = -2*u**2 - 3*u + 4. Let n be a(2). Let q be 3*19*(n/6 - -1). Calculate the remainder when 93 is divided by (q - (-2)/1)/((-48)/64).
45
Let h = 660 + -234. Suppose 76*q - h = 70*q. Calculate the remainder when q is divided by 6/((-6)/8 - -1).
23
Let x(q) = 2*q + 24. Let j(p) = 1. Let t(c) = -c - 18. Let b(z) = 2*j(z) + t(z). Let v(l) = 7*b(l) + 5*x(l). What is the remainder when 101 is divided by v(6)?
23
Suppose 2*w + 16 = 5*a, -7*a - 2*w = -9*a + 4. Suppose -4*i - 2 = 2*s, i + 18 = a*s - 2*i. What is the remainder when 67 is divided by s?
1
Let i(d) = d**2 + 9*d - 1265. Calculate the remainder when i(-47) is divided by 103.
6
Let m(h) = h**2 + 28*h - 23. Let u be m(-29). Calculate the remainder when (-2)/(-2) + (-1 - u*-17) is divided by 2/(-8) - (-255)/12.
18
Let d(h) = h**2 + 6*h - 11. Let f be d(-8). Suppose -l + 6*r - 2*r + 54 = 0, -f = r. What is the remainder when 250/3*(-12)/(-10) is divided by l?
32
Suppose 0 = 4*t - 277 - 71. Suppose 25*b - 671 = 204. Calculate the remainder when t is divided by b.
17
Suppose -f + 4*f = -2*p + 118, -3*f = 3*p - 123. Suppose -13*a + 16*a = 126. Suppose -2*r + 234 = -a. What is the remainder when r is divided by f?
30
Suppose -4*w + 567 = 3*y, 1699 - 905 = 4*y - w. What is the remainder when 796 is divided by y?
8
Let r(u) = 827*u - 5673. Calculate the remainder when 574 is divided by r(7).
110
Let i = -3747 - -4184. Calculate the remainder when i is divided by (-255)/((-12)/4) - -3.
85
Suppose 6475 = -39*u + 19*u + 27*u. What is the remainder when u is divided by 909?
16
Let v be ((-430)/(-6))/((-9)/9)*3. Let x = v + 331. Calculate the remainder when x is divided by 37.
5
Suppose -47*z - 141 = -10152. Calculate the remainder when 254 is divided by z.
41
Let u(h) = 3*h**2 + 86*h - 113. What is the remainder when 238 is divided by u(-31)?
30
Suppose 4*k - 88 = -4*z, 7*k - 4*z - 155 = 2*k. Suppose 143*o + 5*h - 405 = 142*o, h - 381 = -o. Calculate the remainder when o is divided by k.
24
Let u be 2/3 - (-4)/((-60)/(-65)). Suppose -a + 13 = -u*o + 59, 5*a + 20 = 4*o. Calculate the remainder when ((1 - 2)*37)/(-1) is divided by o.
7
Let d be (-669)/(-24)*-1 - (-8)/(-64). What is the remainder when 94 is divided by d/6*(21/(-2))/7?
3
Suppose -s - 4 = 0, 29*p + 3*s = 27*p - 6. Suppose 6*a - 813 = p*a. Calculate the remainder when a is divided by 16.
15
Suppose 0*z - z = -117. Let d(l) be the second derivative of -l**4/12 + 8*l**3/3 - 9*l**2 + 178*l. What is the remainder when z is divided by d(12)?
27
Let h be 0 - (-6 - (861 - 7)). Suppose 3*y - 5*o - h = 0, 4*y + 272 - 1416 = 4*o. What is the remainder when y is divided by 9?
6
Let z = 2859 + -2014. Suppose 4*f = -3*v + z, -5*f - v = -122 - 948. What is the remainder when f is divided by 27?
26
Let d be ((-75)/(-6))/((-1)/2). Let p = -79 - d. What is the remainder when 4*(-1 - p/4) is divided by 19?
12
Let w(i) be the second derivative of 3/2*i**2 - 1/6*i**3 + 0 + 23*i. Calculate the remainder when 32 is divided by w(-9).
8
Suppose -s - 21 = -33. What is the remainder when 31 is divided by (-88)/s*(-1 + (-4)/8)?
9
Let b = 3328 + -3051. Suppose -a = -2*d + 90, -3*d = -5*d + 2*a + 86. Calculate the remainder when b is divided by d.
42
Let c(t) = 2*t**2 + 51*t - 233. What is the remainder when c(-30) is divided by 12?
1
Suppose -118 = -2*g + 5*a, 0 = -3*g + 4*a - 70 + 233. Let h = 92 - g. Calculate the remainder when h is divided by 9.
7
Let w(y) = -4*y**3 + 10*y**2 - 16*y + 68. Let t be w(6). Let s = t - -575. Calculate the remainder when 248 is divided by s.
33
What is the remainder when 418 is divided by 3272/160*10*2?
9
Let d = -70 - -74. Suppose -d*k + 3*f - 7 = 0, 2*k + 18 - 47 = -5*f. Suppose h = -k*h + 63. What is the remainder when 52 is divided by h?
10
Suppose -260 = -342*w + 337*w. Calculate the remainder when 5354 is divided by w.
50
Calculate the remain